n 68361 is divided by 162.
159
Calculate the remainder when 303 is divided by 16.
15
What is the remainder when 82 is divided by 6?
4
Calculate the remainder when 129 is divided by 17.
10
Calculate the remainder when 172 is divided by 36.
28
What is the remainder when 5762 is divided by 27?
11
Calculate the remainder when 564 is divided by 139.
8
What is the remainder when 12758 is divided by 29?
27
Calculate the remainder when 10005 is divided by 12.
9
What is the remainder when 769 is divided by 37?
29
Calculate the remainder when 13 is divided by 5.
3
Calculate the remainder when 458 is divided by 93.
86
Calculate the remainder when 977 is divided by 41.
34
What is the remainder when 196 is divided by 5?
1
What is the remainder when 182 is divided by 17?
12
What is the remainder when 837 is divided by 388?
61
What is the remainder when 275 is divided by 147?
128
Calculate the remainder when 905 is divided by 245.
170
Calculate the remainder when 82 is divided by 69.
13
What is the remainder when 232 is divided by 26?
24
What is the remainder when 4013 is divided by 17?
1
What is the remainder when 233 is divided by 18?
17
Calculate the remainder when 252 is divided by 81.
9
What is the remainder when 116 is divided by 20?
16
Calculate the remainder when 162 is divided by 11.
8
Calculate the remainder when 443 is divided by 64.
59
Calculate the remainder when 54 is divided by 40.
14
Calculate the remainder when 218 is divided by 13.
10
Calculate the remainder when 5679 is divided by 13.
11
Calculate the remainder when 259 is divided by 133.
126
Calculate the remainder when 1544 is divided by 36.
32
What is the remainder when 83 is divided by 38?
7
Calculate the remainder when 1960 is divided by 151.
148
Calculate the remainder when 671 is divided by 35.
6
Calculate the remainder when 484 is divided by 113.
32
Calculate the remainder when 52 is divided by 28.
24
What is the remainder when 654 is divided by 211?
21
What is the remainder when 243 is divided by 8?
3
What is the remainder when 157 is divided by 78?
1
Calculate the remainder when 120 is divided by 103.
17
What is the remainder when 2648 is divided by 17?
13
Calculate the remainder when 887 is divided by 127.
125
What is the remainder when 646 is divided by 320?
6
Calculate the remainder when 1623 is divided by 90.
3
What is the remainder when 536 is divided by 35?
11
Calculate the remainder when 10059 is divided by 43.
40
Calculate the remainder when 626 is divided by 33.
32
What is the remainder when 146 is divided by 54?
38
What is the remainder when 139 is divided by 22?
7
Calculate the remainder when 143 is divided by 66.
11
What is the remainder when 9213 is divided by 128?
125
Calculate the remainder when 1096 is divided by 157.
154
What is the remainder when 502 is divided by 21?
19
Calculate the remainder when 1572 is divided by 90.
42
Calculate the remainder when 1226 is divided by 94.
4
Calculate the remainder when 1813 is divided by 15.
13
Calculate the remainder when 17485 is divided by 67.
65
What is the remainder when 517 is divided by 23?
11
What is the remainder when 968 is divided by 17?
16
Calculate the remainder when 728 is divided by 241.
5
What is the remainder when 80 is divided by 24?
8
Calculate the remainder when 271 is divided by 50.
21
Calculate the remainder when 6571 is divided by 274.
269
Calculate the remainder when 5051 is divided by 64.
59
Calculate the remainder when 181 is divided by 27.
19
What is the remainder when 455 is divided by 26?
13
What is the remainder when 977 is divided by 141?
131
Calculate the remainder when 835 is divided by 31.
29
What is the remainder when 832 is divided by 7?
6
What is the remainder when 648 is divided by 102?
36
What is the remainder when 235 is divided by 91?
53
Calculate the remainder when 2719 is divided by 249.
229
What is the remainder when 4146 is divided by 11?
10
Calculate the remainder when 177 is divided by 32.
17
Calculate the remainder when 50 is divided by 12.
2
Calculate the remainder when 20 is divided by 7.
6
Calculate the remainder when 1985 is divided by 51.
47
Calculate the remainder when 281 is divided by 98.
85
What is the remainder when 2086 is divided by 416?
6
Calculate the remainder when 1122 is divided by 277.
14
Calculate the remainder when 110 is divided by 8.
6
What is the remainder when 42 is divided by 6?
0
What is the remainder when 310 is divided by 80?
70
What is the remainder when 119 is divided by 20?
19
What is the remainder when 242 is divided by 65?
47
What is the remainder when 624 is divided by 126?
120
Calculate the remainder when 861 is divided by 72.
69
Calculate the remainder when 137 is divided by 32.
9
What is the remainder when 525 is divided by 11?
8
What is the remainder when 551 is divided by 37?
33
What is the remainder when 53 is divided by 43?
10
Calculate the remainder when 7387 is divided by 11.
6
What is the remainder when 829 is divided by 7?
3
Calculate the remainder when 400 is divided by 6.
4
Calculate the remainder when 140 is divided by 31.
16
Calculate the remainder when 70 is divided by 8.
6
Calculate the remainder when 65 is divided by 28.
9
Calculate the remainder when 536 is divided by 90.
86
What is the remainder when 14 is divided by 11?
3
Calculate the remainder when 71939 is divided by 66.
65
Calculate the remainder when 141 is divided by 19.
8
What is the remainder when 193 is divided by 61?
10
What is the remainder when 153 is divided by 42?
27
Calculate the remainder when 187 is divided by 47.
46
Calculate the remainder when 1295 is divided by 64.
15
Calculate the remainder when 639 is divided by 244.
151
What is the remainder when 214 is divided by 51?
10
What is the remainder when 91 is divided by 29?
4
What is the remainder when 126 is divided by 49?
28
Calculate the remainder when 1765 is divided by 104.
101
What is the remainder when 2937 is divided by 42?
39
Calculate the remainder when 3039 is divided by 18.
15
Calculate the remainder when 3300 is divided by 236.
232
What is the remainder when 394 is divided by 22?
20
What is the remainder when 2105 is divided by 27?
26
Calculate the remainder when 719 is divided by 91.
82
What is the remainder when 79 is divided by 31?
17
Calculate the remainder when 69 is divided by 36.
33
What is the remainder when 174 is divided by 86?
2
What is the remainder when 239 is divided by 40?
39
What is the remainder when 137 is divided by 39?
20
What is the remainder when 67 is divided by 17?
16
What is the remainder when 2367 is divided by 42?
15
Calculate the remainder when 297 is divided by 10.
7
What is the remainder when 46 is divided by 8?
6
What is the remainder when 984 is divided by 162?
12
What is the remainder when 1053 is divided by 90?
63
What is the remainder when 1046 is divided by 260?
6
Calculate the remainder when 1761 is divided by 49.
46
Calculate the remainder when 211 is divided by 146.
65
Calculate the remainder when 22397 is divided by 28.
25
Calculate the remainder when 1482 is divided by 369.
6
What is the remainder when 4698 is divided by 20?
18
What is the remainder when 269 is divided by 69?
62
What is the remainder when 3711 is divided by 16?
15
Calculate the remainder when 279 is divided by 277.
2
What is the remainder when 187 is divided by 38?
35
Calculate the remainder when 669 is divided by 658.
11
Calculate the remainder when 2576 is divided by 19.
11
What is the remainder when 254 is divided by 51?
50
What is the remainder when 217 is divided by 52?
9
What is the remainder when 395 is divided by 103?
86
Calculate the remainder when 380 is divided by 111.
47
What is the remainder when 82 is divided by 44?
38
What is the remainder when 3113 is divided by 35?
33
What is the remainder when 101 is divided by 30?
11
What is the remainder when 111 is divided by 46?
19
What is the remainder when 352 is divided by 36?
28
Calculate the remainder when 95 is divided by 72.
23
What is the remainder when 134 is divided by 98?
36
What is the remainder when 288 is divided by 164?
124
What is the remainder when 368 is divided by 28?
4
Calculate the remainder when 263 is divided by 249.
14
What is the remainder when 678 is divided by 20?
18
Calculate the remainder when 889 i